{"id":775,"date":"2023-04-08T08:05:51","date_gmt":"2023-04-08T08:05:51","guid":{"rendered":"https:\/\/pawelnaumowicz.pl\/?page_id=775"},"modified":"2023-04-17T20:46:02","modified_gmt":"2023-04-17T20:46:02","slug":"film-dokumentalny-piesn-rzeki","status":"publish","type":"page","link":"https:\/\/pawelnaumowicz.pl\/index.php\/film-dokumentalny-piesn-rzeki\/","title":{"rendered":"Film dokumentalny &#8222;Pie\u015bni rzeki&#8221;"},"content":{"rendered":"<div class=\"wp-block-image\">\n<figure class=\"alignleft size-large is-resized\"><img loading=\"lazy\" decoding=\"async\" src=\"https:\/\/pawelnaumowicz.pl\/pn\/wp-content\/uploads\/2023\/04\/2013-PIEsNI-RZEKI-SONGS-OF-RIVER_logo-1024x879.jpg\" alt=\"\" class=\"wp-image-765\" width=\"197\" height=\"169\" srcset=\"https:\/\/pawelnaumowicz.pl\/pn\/wp-content\/uploads\/2023\/04\/2013-PIEsNI-RZEKI-SONGS-OF-RIVER_logo-1024x879.jpg 1024w, https:\/\/pawelnaumowicz.pl\/pn\/wp-content\/uploads\/2023\/04\/2013-PIEsNI-RZEKI-SONGS-OF-RIVER_logo-600x515.jpg 600w, https:\/\/pawelnaumowicz.pl\/pn\/wp-content\/uploads\/2023\/04\/2013-PIEsNI-RZEKI-SONGS-OF-RIVER_logo-300x258.jpg 300w, https:\/\/pawelnaumowicz.pl\/pn\/wp-content\/uploads\/2023\/04\/2013-PIEsNI-RZEKI-SONGS-OF-RIVER_logo-768x660.jpg 768w, https:\/\/pawelnaumowicz.pl\/pn\/wp-content\/uploads\/2023\/04\/2013-PIEsNI-RZEKI-SONGS-OF-RIVER_logo.jpg 1076w\" sizes=\"auto, (max-width: 197px) 100vw, 197px\" \/><\/figure>\n<\/div>\n\n\n<p style=\"font-size:19px\">W 2012 roku nawi\u0105za\u0142 ze mn\u0105 kontakt Krzysztof Kiziewicz. W tamtym czasie zajmowa\u0142 si\u0119 projektem &#8222;Pie\u015bni rzeki&#8221;. Projekt skupia\u0142 m\u0142odych zapale\u0144c\u00f3w chc\u0105cych zachowa\u0107 dla pami\u0119ci kultur\u0119 i charakter teren\u00f3w nadrzecznych rzeki Biebrzy. Zaproszono mnie abym wykona\u0142 dla nich prac\u0119 (projekt) , kt\u00f3ra odzwierciedla\u0142aby klimat filmu i podkre\u015bla\u0142a charakter os\u00f3b, uwiecznionych na filmie.  W ten spos\u00f3b powsta\u0142 linoryt &#8222;Pie\u015bni rzeki&#8221;, kt\u00f3ry sta\u0142 si\u0119 logiem ca\u0142ego projektu oraz przewodnim elementem graficznym dla ca\u0142ego zestawu filmowego, wydanego z okazji premiery filmu. Wszystkie elementy zestawu znajduj\u0105 si\u0119 na zdj\u0119ciu poni\u017cej, a nak\u0142ad opiewa\u0142 na 100 numerowanych egzemplarzy.<\/p>\n\n\n<div class=\"wp-block-image is-style-default\">\n<figure class=\"aligncenter size-full is-resized\"><img loading=\"lazy\" decoding=\"async\" src=\"https:\/\/pawelnaumowicz.pl\/pn\/wp-content\/uploads\/2023\/04\/Piesn-rzeki-1_01-scaled.jpg\" alt=\"\" class=\"wp-image-776\" width=\"934\" height=\"934\" srcset=\"https:\/\/pawelnaumowicz.pl\/pn\/wp-content\/uploads\/2023\/04\/Piesn-rzeki-1_01-scaled.jpg 2560w, https:\/\/pawelnaumowicz.pl\/pn\/wp-content\/uploads\/2023\/04\/Piesn-rzeki-1_01-300x300.jpg 300w, https:\/\/pawelnaumowicz.pl\/pn\/wp-content\/uploads\/2023\/04\/Piesn-rzeki-1_01-scaled-100x100.jpg 100w, https:\/\/pawelnaumowicz.pl\/pn\/wp-content\/uploads\/2023\/04\/Piesn-rzeki-1_01-scaled-600x600.jpg 600w, https:\/\/pawelnaumowicz.pl\/pn\/wp-content\/uploads\/2023\/04\/Piesn-rzeki-1_01-1024x1024.jpg 1024w, https:\/\/pawelnaumowicz.pl\/pn\/wp-content\/uploads\/2023\/04\/Piesn-rzeki-1_01-150x150.jpg 150w, https:\/\/pawelnaumowicz.pl\/pn\/wp-content\/uploads\/2023\/04\/Piesn-rzeki-1_01-768x768.jpg 768w, https:\/\/pawelnaumowicz.pl\/pn\/wp-content\/uploads\/2023\/04\/Piesn-rzeki-1_01-1536x1536.jpg 1536w, https:\/\/pawelnaumowicz.pl\/pn\/wp-content\/uploads\/2023\/04\/Piesn-rzeki-1_01-2048x2048.jpg 2048w\" sizes=\"auto, (max-width: 934px) 100vw, 934px\" \/><figcaption class=\"wp-element-caption\">Zestaw filmowy<\/figcaption><\/figure>\n<\/div>\n\n\n<p style=\"font-size:19px\">Partnerami projektu zostali m.in.: Ministerstwo Kultury i Dziedzictwa Narodowego, Wojew\u00f3dztwo Podlaskie, a patronami medialnymi zostali m.in: Engram, Platforma Kultury, Polskie Radio Bia\u0142ystok, WOAK w Bia\u0142ymstoku.<\/p>\n\n\n\n<p style=\"font-size:19px\">Wi\u0119cej informacji o projekcie mo\u017cna znale\u017a\u0107 na poni\u017cszych stronach:<\/p>\n\n\n\n<ol class=\"wp-block-list\">\n<li><a href=\"https:\/\/www.facebook.com\/piesnirzeki\/likes\" target=\"_blank\" rel=\"noreferrer noopener\">Pie\u015bni Rzeki | Facebook<\/a><\/li>\n\n\n\n<li><a href=\"https:\/\/www.facebook.com\/piesnirzeki\" target=\"_blank\" rel=\"noreferrer noopener\">Pie\u015bni Rzeki | Facebook<\/a><\/li>\n\n\n\n<li><a href=\"https:\/\/www.instagram.com\/piesnirzeki\/\" target=\"_blank\" rel=\"noreferrer noopener\">Pie\u015bni Rzeki (@piesnirzeki) \u2022 Zdj\u0119cia i filmy na Instagramie<\/a><\/li>\n\n\n\n<li><a href=\"https:\/\/kulturaludowa.pl\/aktualnosci\/piesni-rzeki\/\" target=\"_blank\" rel=\"noreferrer noopener\">Pie\u015bni rzeki | KulturaLudowa.pl<\/a>  <\/li>\n<\/ol>\n\n\n\n<p style=\"font-size:19px\">Ca\u0142y film jest do obejrzenia na kanale YouTube:  <a rel=\"noreferrer noopener\" href=\"https:\/\/www.youtube.com\/watch?v=blBUcESG9E4\" target=\"_blank\">PIE\u015aNI RZEKI (SONGS OF RIVER) \/ BIEBRZA &#8211; YouTube<\/a><\/p>\n","protected":false},"excerpt":{"rendered":"<p>W 2012 roku nawi\u0105za\u0142 ze mn\u0105 kontakt Krzysztof Kiziewicz. W tamtym czasie zajmowa\u0142 si\u0119 projektem &#8222;Pie\u015bni rzeki&#8221;. Projekt skupia\u0142 m\u0142odych zapale\u0144c\u00f3w chc\u0105cych zachowa\u0107 dla pami\u0119ci kultur\u0119 i charakter teren\u00f3w nadrzecznych rzeki Biebrzy. Zaproszono mnie abym wykona\u0142 dla nich prac\u0119 (projekt) , kt\u00f3ra odzwierciedla\u0142aby klimat filmu i podkre\u015bla\u0142a charakter os\u00f3b, uwiecznionych na filmie. W ten spos\u00f3b powsta\u0142 linoryt &#8222;Pie\u015bni rzeki&#8221;, kt\u00f3ry sta\u0142 si\u0119 logiem ca\u0142ego projektu oraz przewodnim elementem graficznym dla<\/p>\n<div class=\"read-more\"><a class=\"btn read-more-btn\" href=\"https:\/\/pawelnaumowicz.pl\/index.php\/film-dokumentalny-piesn-rzeki\/\">Read More<\/a><\/div>\n","protected":false},"author":1,"featured_media":0,"parent":0,"menu_order":0,"comment_status":"closed","ping_status":"closed","template":"","meta":{"footnotes":""},"class_list":["post-775","page","type-page","status-publish","hentry"],"yoast_head":"<!-- This site is optimized with the Yoast SEO plugin v27.4 - https:\/\/yoast.com\/product\/yoast-seo-wordpress\/ -->\n<title>Film dokumentalny &quot;Pie\u015bni rzeki&quot; - Pawe\u0142 Naumowicz<\/title>\n<meta name=\"robots\" content=\"index, follow, max-snippet:-1, max-image-preview:large, max-video-preview:-1\" \/>\n<link rel=\"canonical\" href=\"https:\/\/pawelnaumowicz.pl\/index.php\/film-dokumentalny-piesn-rzeki\/\" \/>\n<meta property=\"og:locale\" content=\"pl_PL\" \/>\n<meta property=\"og:type\" content=\"article\" \/>\n<meta property=\"og:title\" content=\"Film dokumentalny &quot;Pie\u015bni rzeki&quot; - Pawe\u0142 Naumowicz\" \/>\n<meta property=\"og:description\" content=\"W 2012 roku nawi\u0105za\u0142 ze mn\u0105 kontakt Krzysztof Kiziewicz. W tamtym czasie zajmowa\u0142 si\u0119 projektem &#8222;Pie\u015bni rzeki&#8221;. Projekt skupia\u0142 m\u0142odych zapale\u0144c\u00f3w chc\u0105cych zachowa\u0107 dla pami\u0119ci kultur\u0119 i charakter teren\u00f3w nadrzecznych rzeki Biebrzy. Zaproszono mnie abym wykona\u0142 dla nich prac\u0119 (projekt) , kt\u00f3ra odzwierciedla\u0142aby klimat filmu i podkre\u015bla\u0142a charakter os\u00f3b, uwiecznionych na filmie. W ten spos\u00f3b powsta\u0142 linoryt &#8222;Pie\u015bni rzeki&#8221;, kt\u00f3ry sta\u0142 si\u0119 logiem ca\u0142ego projektu oraz przewodnim elementem graficznym dlaRead More\" \/>\n<meta property=\"og:url\" content=\"https:\/\/pawelnaumowicz.pl\/index.php\/film-dokumentalny-piesn-rzeki\/\" \/>\n<meta property=\"og:site_name\" content=\"Pawe\u0142 Naumowicz\" \/>\n<meta property=\"article:publisher\" content=\"https:\/\/www.facebook.com\/neumgraf\" \/>\n<meta property=\"article:modified_time\" content=\"2023-04-17T20:46:02+00:00\" \/>\n<meta property=\"og:image\" content=\"https:\/\/pawelnaumowicz.pl\/pn\/wp-content\/uploads\/2023\/04\/2013-PIEsNI-RZEKI-SONGS-OF-RIVER_logo-1024x879.jpg\" \/>\n<meta name=\"twitter:card\" content=\"summary_large_image\" \/>\n<meta name=\"twitter:label1\" content=\"Szacowany czas czytania\" \/>\n\t<meta name=\"twitter:data1\" content=\"1 minuta\" \/>\n<script type=\"application\/ld+json\" class=\"yoast-schema-graph\">{\"@context\":\"https:\\\/\\\/schema.org\",\"@graph\":[{\"@type\":\"WebPage\",\"@id\":\"https:\\\/\\\/pawelnaumowicz.pl\\\/index.php\\\/film-dokumentalny-piesn-rzeki\\\/\",\"url\":\"https:\\\/\\\/pawelnaumowicz.pl\\\/index.php\\\/film-dokumentalny-piesn-rzeki\\\/\",\"name\":\"Film dokumentalny \\\"Pie\u015bni rzeki\\\" - Pawe\u0142 Naumowicz\",\"isPartOf\":{\"@id\":\"https:\\\/\\\/pawelnaumowicz.pl\\\/#website\"},\"primaryImageOfPage\":{\"@id\":\"https:\\\/\\\/pawelnaumowicz.pl\\\/index.php\\\/film-dokumentalny-piesn-rzeki\\\/#primaryimage\"},\"image\":{\"@id\":\"https:\\\/\\\/pawelnaumowicz.pl\\\/index.php\\\/film-dokumentalny-piesn-rzeki\\\/#primaryimage\"},\"thumbnailUrl\":\"https:\\\/\\\/pawelnaumowicz.pl\\\/pn\\\/wp-content\\\/uploads\\\/2023\\\/04\\\/2013-PIEsNI-RZEKI-SONGS-OF-RIVER_logo-1024x879.jpg\",\"datePublished\":\"2023-04-08T08:05:51+00:00\",\"dateModified\":\"2023-04-17T20:46:02+00:00\",\"breadcrumb\":{\"@id\":\"https:\\\/\\\/pawelnaumowicz.pl\\\/index.php\\\/film-dokumentalny-piesn-rzeki\\\/#breadcrumb\"},\"inLanguage\":\"pl-PL\",\"potentialAction\":[{\"@type\":\"ReadAction\",\"target\":[\"https:\\\/\\\/pawelnaumowicz.pl\\\/index.php\\\/film-dokumentalny-piesn-rzeki\\\/\"]}]},{\"@type\":\"ImageObject\",\"inLanguage\":\"pl-PL\",\"@id\":\"https:\\\/\\\/pawelnaumowicz.pl\\\/index.php\\\/film-dokumentalny-piesn-rzeki\\\/#primaryimage\",\"url\":\"https:\\\/\\\/pawelnaumowicz.pl\\\/pn\\\/wp-content\\\/uploads\\\/2023\\\/04\\\/2013-PIEsNI-RZEKI-SONGS-OF-RIVER_logo.jpg\",\"contentUrl\":\"https:\\\/\\\/pawelnaumowicz.pl\\\/pn\\\/wp-content\\\/uploads\\\/2023\\\/04\\\/2013-PIEsNI-RZEKI-SONGS-OF-RIVER_logo.jpg\",\"width\":1076,\"height\":924},{\"@type\":\"BreadcrumbList\",\"@id\":\"https:\\\/\\\/pawelnaumowicz.pl\\\/index.php\\\/film-dokumentalny-piesn-rzeki\\\/#breadcrumb\",\"itemListElement\":[{\"@type\":\"ListItem\",\"position\":1,\"name\":\"Strona g\u0142\u00f3wna\",\"item\":\"https:\\\/\\\/pawelnaumowicz.pl\\\/\"},{\"@type\":\"ListItem\",\"position\":2,\"name\":\"Film dokumentalny &#8222;Pie\u015bni rzeki&#8221;\"}]},{\"@type\":\"WebSite\",\"@id\":\"https:\\\/\\\/pawelnaumowicz.pl\\\/#website\",\"url\":\"https:\\\/\\\/pawelnaumowicz.pl\\\/\",\"name\":\"Pawe\u0142 Naumowicz\",\"description\":\"\",\"publisher\":{\"@id\":\"https:\\\/\\\/pawelnaumowicz.pl\\\/#\\\/schema\\\/person\\\/33fdf88358d7362dc38d7ae1a38801df\"},\"potentialAction\":[{\"@type\":\"SearchAction\",\"target\":{\"@type\":\"EntryPoint\",\"urlTemplate\":\"https:\\\/\\\/pawelnaumowicz.pl\\\/?s={search_term_string}\"},\"query-input\":{\"@type\":\"PropertyValueSpecification\",\"valueRequired\":true,\"valueName\":\"search_term_string\"}}],\"inLanguage\":\"pl-PL\"},{\"@type\":[\"Person\",\"Organization\"],\"@id\":\"https:\\\/\\\/pawelnaumowicz.pl\\\/#\\\/schema\\\/person\\\/33fdf88358d7362dc38d7ae1a38801df\",\"name\":\"Pawe\u0142 Naumowicz\",\"image\":{\"@type\":\"ImageObject\",\"inLanguage\":\"pl-PL\",\"@id\":\"https:\\\/\\\/pawelnaumowicz.pl\\\/pn\\\/wp-content\\\/uploads\\\/2023\\\/11\\\/PN_portret_main_www.jpg\",\"url\":\"https:\\\/\\\/pawelnaumowicz.pl\\\/pn\\\/wp-content\\\/uploads\\\/2023\\\/11\\\/PN_portret_main_www.jpg\",\"contentUrl\":\"https:\\\/\\\/pawelnaumowicz.pl\\\/pn\\\/wp-content\\\/uploads\\\/2023\\\/11\\\/PN_portret_main_www.jpg\",\"width\":1200,\"height\":1803,\"caption\":\"Pawe\u0142 Naumowicz\"},\"logo\":{\"@id\":\"https:\\\/\\\/pawelnaumowicz.pl\\\/pn\\\/wp-content\\\/uploads\\\/2023\\\/11\\\/PN_portret_main_www.jpg\"},\"sameAs\":[\"https:\\\/\\\/www.facebook.com\\\/neumgraf\",\"https:\\\/\\\/www.instagram.com\\\/naumowiczpawel\"]}]}<\/script>\n<!-- \/ Yoast SEO plugin. -->","yoast_head_json":{"title":"Film dokumentalny \"Pie\u015bni rzeki\" - Pawe\u0142 Naumowicz","robots":{"index":"index","follow":"follow","max-snippet":"max-snippet:-1","max-image-preview":"max-image-preview:large","max-video-preview":"max-video-preview:-1"},"canonical":"https:\/\/pawelnaumowicz.pl\/index.php\/film-dokumentalny-piesn-rzeki\/","og_locale":"pl_PL","og_type":"article","og_title":"Film dokumentalny \"Pie\u015bni rzeki\" - Pawe\u0142 Naumowicz","og_description":"W 2012 roku nawi\u0105za\u0142 ze mn\u0105 kontakt Krzysztof Kiziewicz. W tamtym czasie zajmowa\u0142 si\u0119 projektem &#8222;Pie\u015bni rzeki&#8221;. Projekt skupia\u0142 m\u0142odych zapale\u0144c\u00f3w chc\u0105cych zachowa\u0107 dla pami\u0119ci kultur\u0119 i charakter teren\u00f3w nadrzecznych rzeki Biebrzy. Zaproszono mnie abym wykona\u0142 dla nich prac\u0119 (projekt) , kt\u00f3ra odzwierciedla\u0142aby klimat filmu i podkre\u015bla\u0142a charakter os\u00f3b, uwiecznionych na filmie. W ten spos\u00f3b powsta\u0142 linoryt &#8222;Pie\u015bni rzeki&#8221;, kt\u00f3ry sta\u0142 si\u0119 logiem ca\u0142ego projektu oraz przewodnim elementem graficznym dlaRead More","og_url":"https:\/\/pawelnaumowicz.pl\/index.php\/film-dokumentalny-piesn-rzeki\/","og_site_name":"Pawe\u0142 Naumowicz","article_publisher":"https:\/\/www.facebook.com\/neumgraf","article_modified_time":"2023-04-17T20:46:02+00:00","og_image":[{"url":"https:\/\/pawelnaumowicz.pl\/pn\/wp-content\/uploads\/2023\/04\/2013-PIEsNI-RZEKI-SONGS-OF-RIVER_logo-1024x879.jpg","type":"","width":"","height":""}],"twitter_card":"summary_large_image","twitter_misc":{"Szacowany czas czytania":"1 minuta"},"schema":{"@context":"https:\/\/schema.org","@graph":[{"@type":"WebPage","@id":"https:\/\/pawelnaumowicz.pl\/index.php\/film-dokumentalny-piesn-rzeki\/","url":"https:\/\/pawelnaumowicz.pl\/index.php\/film-dokumentalny-piesn-rzeki\/","name":"Film dokumentalny \"Pie\u015bni rzeki\" - Pawe\u0142 Naumowicz","isPartOf":{"@id":"https:\/\/pawelnaumowicz.pl\/#website"},"primaryImageOfPage":{"@id":"https:\/\/pawelnaumowicz.pl\/index.php\/film-dokumentalny-piesn-rzeki\/#primaryimage"},"image":{"@id":"https:\/\/pawelnaumowicz.pl\/index.php\/film-dokumentalny-piesn-rzeki\/#primaryimage"},"thumbnailUrl":"https:\/\/pawelnaumowicz.pl\/pn\/wp-content\/uploads\/2023\/04\/2013-PIEsNI-RZEKI-SONGS-OF-RIVER_logo-1024x879.jpg","datePublished":"2023-04-08T08:05:51+00:00","dateModified":"2023-04-17T20:46:02+00:00","breadcrumb":{"@id":"https:\/\/pawelnaumowicz.pl\/index.php\/film-dokumentalny-piesn-rzeki\/#breadcrumb"},"inLanguage":"pl-PL","potentialAction":[{"@type":"ReadAction","target":["https:\/\/pawelnaumowicz.pl\/index.php\/film-dokumentalny-piesn-rzeki\/"]}]},{"@type":"ImageObject","inLanguage":"pl-PL","@id":"https:\/\/pawelnaumowicz.pl\/index.php\/film-dokumentalny-piesn-rzeki\/#primaryimage","url":"https:\/\/pawelnaumowicz.pl\/pn\/wp-content\/uploads\/2023\/04\/2013-PIEsNI-RZEKI-SONGS-OF-RIVER_logo.jpg","contentUrl":"https:\/\/pawelnaumowicz.pl\/pn\/wp-content\/uploads\/2023\/04\/2013-PIEsNI-RZEKI-SONGS-OF-RIVER_logo.jpg","width":1076,"height":924},{"@type":"BreadcrumbList","@id":"https:\/\/pawelnaumowicz.pl\/index.php\/film-dokumentalny-piesn-rzeki\/#breadcrumb","itemListElement":[{"@type":"ListItem","position":1,"name":"Strona g\u0142\u00f3wna","item":"https:\/\/pawelnaumowicz.pl\/"},{"@type":"ListItem","position":2,"name":"Film dokumentalny &#8222;Pie\u015bni rzeki&#8221;"}]},{"@type":"WebSite","@id":"https:\/\/pawelnaumowicz.pl\/#website","url":"https:\/\/pawelnaumowicz.pl\/","name":"Pawe\u0142 Naumowicz","description":"","publisher":{"@id":"https:\/\/pawelnaumowicz.pl\/#\/schema\/person\/33fdf88358d7362dc38d7ae1a38801df"},"potentialAction":[{"@type":"SearchAction","target":{"@type":"EntryPoint","urlTemplate":"https:\/\/pawelnaumowicz.pl\/?s={search_term_string}"},"query-input":{"@type":"PropertyValueSpecification","valueRequired":true,"valueName":"search_term_string"}}],"inLanguage":"pl-PL"},{"@type":["Person","Organization"],"@id":"https:\/\/pawelnaumowicz.pl\/#\/schema\/person\/33fdf88358d7362dc38d7ae1a38801df","name":"Pawe\u0142 Naumowicz","image":{"@type":"ImageObject","inLanguage":"pl-PL","@id":"https:\/\/pawelnaumowicz.pl\/pn\/wp-content\/uploads\/2023\/11\/PN_portret_main_www.jpg","url":"https:\/\/pawelnaumowicz.pl\/pn\/wp-content\/uploads\/2023\/11\/PN_portret_main_www.jpg","contentUrl":"https:\/\/pawelnaumowicz.pl\/pn\/wp-content\/uploads\/2023\/11\/PN_portret_main_www.jpg","width":1200,"height":1803,"caption":"Pawe\u0142 Naumowicz"},"logo":{"@id":"https:\/\/pawelnaumowicz.pl\/pn\/wp-content\/uploads\/2023\/11\/PN_portret_main_www.jpg"},"sameAs":["https:\/\/www.facebook.com\/neumgraf","https:\/\/www.instagram.com\/naumowiczpawel"]}]}},"_links":{"self":[{"href":"https:\/\/pawelnaumowicz.pl\/index.php\/wp-json\/wp\/v2\/pages\/775","targetHints":{"allow":["GET"]}}],"collection":[{"href":"https:\/\/pawelnaumowicz.pl\/index.php\/wp-json\/wp\/v2\/pages"}],"about":[{"href":"https:\/\/pawelnaumowicz.pl\/index.php\/wp-json\/wp\/v2\/types\/page"}],"author":[{"embeddable":true,"href":"https:\/\/pawelnaumowicz.pl\/index.php\/wp-json\/wp\/v2\/users\/1"}],"replies":[{"embeddable":true,"href":"https:\/\/pawelnaumowicz.pl\/index.php\/wp-json\/wp\/v2\/comments?post=775"}],"version-history":[{"count":16,"href":"https:\/\/pawelnaumowicz.pl\/index.php\/wp-json\/wp\/v2\/pages\/775\/revisions"}],"predecessor-version":[{"id":984,"href":"https:\/\/pawelnaumowicz.pl\/index.php\/wp-json\/wp\/v2\/pages\/775\/revisions\/984"}],"wp:attachment":[{"href":"https:\/\/pawelnaumowicz.pl\/index.php\/wp-json\/wp\/v2\/media?parent=775"}],"curies":[{"name":"wp","href":"https:\/\/api.w.org\/{rel}","templated":true}]}}